 are the prime factors of 2349302?
2, 79, 14869
What are the prime factors of 98717?
98717
List the prime factors of 18509095.
5, 11, 336529
List the prime factors of 6178860.
2, 3, 5, 34327
List the prime factors of 12535756.
2, 3133939
List the prime factors of 2718069.
3, 906023
What are the prime factors of 1193047?
1193047
What are the prime factors of 14054?
2, 7027
List the prime factors of 26716.
2, 6679
List the prime factors of 343007.
7, 19, 2579
What are the prime factors of 19548622?
2, 367, 26633
What are the prime factors of 1316800?
2, 5, 823
What are the prime factors of 2624485?
5, 101, 5197
List the prime factors of 317412.
2, 3, 2939
What are the prime factors of 367648?
2, 11489
List the prime factors of 18732728.
2, 7, 334513
List the prime factors of 13345011.
3, 19, 78041
List the prime factors of 968262.
2, 3, 161377
What are the prime factors of 11634504?
2, 3, 7, 23, 3011
What are the prime factors of 763281?
3, 84809
What are the prime factors of 2310835?
5, 37, 12491
List the prime factors of 17415755.
5, 7, 103, 4831
What are the prime factors of 295036?
2, 7, 41, 257
What are the prime factors of 392823?
3, 14549
What are the prime factors of 778702?
2, 17, 37, 619
What are the prime factors of 795157?
11, 72287
List the prime factors of 36973.
36973
What are the prime factors of 6244595?
5, 7, 178417
What are the prime factors of 2106585?
3, 5, 13, 277
List the prime factors of 9689.
9689
What are the prime factors of 28297811?
577, 49043
List the prime factors of 555999.
3, 37, 5009
What are the prime factors of 999290?
2, 5, 99929
What are the prime factors of 246653?
11, 17, 1319
List the prime factors of 10744531.
7, 53, 28961
List the prime factors of 480799.
11, 109, 401
What are the prime factors of 223605?
3, 5, 4969
List the prime factors of 596188.
2, 113, 1319
What are the prime factors of 2360157?
3, 786719
What are the prime factors of 7837?
17, 461
List the prime factors of 7183861.
467, 15383
List the prime factors of 480680.
2, 5, 61, 197
List the prime factors of 3849164.
2, 11, 87481
What are the prime factors of 1278083?
163, 7841
What are the prime factors of 321447?
3, 7, 15307
What are the prime factors of 8461162?
2, 67, 233, 271
List the prime factors of 5095799.
197, 25867
What are the prime factors of 18582826?
2, 31, 299723
List the prime factors of 1086384.
2, 3, 13, 1741
What are the prime factors of 275758?
2, 7, 19697
List the prime factors of 6903630.
2, 3, 5, 947
List the prime factors of 435508.
2, 108877
What are the prime factors of 8719349?
8719349
What are the prime factors of 197264?
2, 12329
What are the prime factors of 2285870?
2, 5, 228587
What are the prime factors of 224876?
2, 17, 3307
List the prime factors of 3341523.
3, 113, 9857
What are the prime factors of 393189?
3, 131063
What are the prime factors of 479200?
2, 5, 599
What are the prime factors of 36691523?
11, 3335593
List the prime factors of 1147563.
3, 127507
What are the prime factors of 313945?
5, 37, 1697
List the prime factors of 2314621.
79, 83, 353
What are the prime factors of 254695?
5, 7, 19, 383
List the prime factors of 211255.
5, 11, 23, 167
What are the prime factors of 725966?
2, 362983
What are the prime factors of 99974?
2, 7, 37, 193
List the prime factors of 35693.
7, 5099
What are the prime factors of 9850093?
11, 895463
What are the prime factors of 788797?
127, 6211
List the prime factors of 20697892.
2, 5174473
List the prime factors of 10207101.
3, 23, 29, 5101
List the prime factors of 2856333.
3, 952111
List the prime factors of 2664614.
2, 17, 109, 719
List the prime factors of 2023085.
5, 17, 23801
What are the prime factors of 93301?
13, 7177
What are the prime factors of 12515901?
3, 4171967
List the prime factors of 1354440.
2, 3, 5, 11287
List the prime factors of 7955026.
2, 127, 31319
What are the prime factors of 212153?
353, 601
List the prime factors of 77798.
2, 7, 5557
What are the prime factors of 604533?
3, 201511
What are the prime factors of 79315?
5, 29, 547
What are the prime factors of 958269?
3, 13, 24571
What are the prime factors of 154011?
3, 11, 13, 359
List the prime factors of 3168755.
5, 633751
List the prime factors of 37563.
3, 19, 659
List the prime factors of 340687.
340687
List the prime factors of 4893847.
7, 61, 73, 157
What are the prime factors of 327159?
3, 7, 577
What are the prime factors of 14067857?
17, 827521
List the prime factors of 2866531.
1129, 2539
What are the prime factors of 1147129?
47, 24407
What are the prime factors of 302931?
3, 97, 347
What are the prime factors of 1797644?
2, 449411
What are the prime factors of 669675?
3, 5, 8929
What are the prime factors of 851837?
7, 73, 1667
What are the prime factors of 2047950?
2, 3, 5, 37, 41
List the prime factors of 928009.
383, 2423
List the prime factors of 3035450.
2, 5, 11, 5519
List the prime factors of 855040.
2, 5, 167
List the prime factors of 2634242.
2, 13, 71, 1427
List the prime factors of 165279.
3, 37, 1489
What are the prime factors of 12327580?
2, 5, 19, 32441
What are the prime factors of 262461?
3, 89, 983
List the prime factors of 7125085.
5, 11, 11777
List the prime factors of 317944.
2, 11, 3613
What are the prime factors of 551092?
2, 311, 443
List the prime factors of 825908.
2, 206477
What are the prime factors of 19910718?
2, 3, 368717
What are the prime factors of 263551?
17, 37, 419
What are the prime factors of 751710?
2, 3, 5, 25057
List the prime factors of 471095.
5, 94219
List the prime factors of 735332.
2, 13, 79, 179
List the prime factors of 219538.
2, 11, 17, 587
What are the prime factors of 29809?
13, 2293
What are the prime factors of 56781?
3, 701
What are the prime factors of 213192?
2, 3, 7, 47
List the prime factors of 2465723.
13, 189671
What are the prime factors of 85420?
2, 5, 4271
List the prime factors of 22059514.
2, 193, 57149
List the prime factors of 5177604.
2, 3, 59, 71, 103
What are the prime factors of 1114811?
1114811
What are the prime factors of 836729?
836729
What are the prime factors of 12935106?
2, 3, 239539
List the prime factors of 3763736.
2, 29, 16223
What are the prime factors of 205527?
3, 7, 9787
What are the prime factors of 168398?
2, 84199
What are the prime factors of 8502405?
3, 5, 19, 29833
List the prime factors of 16454062.
2, 17, 23, 53, 397
List the prime factors of 1077238.
2, 557, 967
List the prime factors of 849929.
199, 4271
What are the prime factors of 1057688?
2, 29, 47, 97
List the prime factors of 5427034.
2, 23, 117979
What are the prime factors of 108204?
2, 3, 71, 127
What are the prime factors of 163302?
2, 3, 17, 1601
List the prime factors of 231904.
2, 7247
List the prime factors of 106132.
2, 13, 157
List the prime factors of 5038496.
2, 19, 8287
List the prime factors of 97649.
97649
What are the prime factors of 635902?
2, 17, 59, 317
List the prime factors of 92424.
2, 3, 3851
What are the prime factors of 12204197?
12204197
What are the prime factors of 4936222?
2, 17, 47, 3089
List the prime factors of 392438.
2, 239, 821
List the prime factors of 181952.
2, 2843
What are the prime factors of 7590?
2, 3, 5, 11, 23
List the prime factors of 1082924.
2, 19, 14249
What are the prime factors of 7273488?
2, 3, 151531
What are the prime factors of 136235?
5, 11, 2477
What are the prime factors of 1203678?
2, 3, 7, 41, 233
List the prime factors of 2753211.
3, 917737
List the prime factors of 1668823.
13, 31, 41, 101
List the prime factors of 142409.
17, 8377
What are the prime factors of 74433?
3, 43, 577
What are the prime factors of 10241764?
2, 13, 89, 2213
List the prime factors of 1261987.
23, 54869
List the prime factors of 3264841.
823, 3967
What are the prime factors of 574607?
11, 52237
List the prime factors of 822544.
2, 101, 509
List the prime factors of 1566701.
719, 2179
List the prime factors of 1297616.
2, 81101
List the prime factors of 175781.
175781
What are the prime factors of 204345?
3, 5, 19, 239
What are the prime factors of 774237?
3, 409, 631
List the prime factors of 315729.
3, 35081
What are the prime factors of 978976?
2, 30593
What are the prime factors of 571692?
2, 3, 11, 61, 71
What are the prime factors of 204756?
2, 3, 113, 151
List the prime